41
Let f = 283 - 164. Suppose 4*y = -23 + f. What is the remainder when y is divided by 9?
6
Let p(h) = 7*h**2 + 2. Calculate the remainder when 57 is divided by p(2).
27
Let f(u) = u**3 + 2*u**2 - 7*u - 5. Let z be f(-4). Let t be z/15 - (-73)/5. Let c = -8 + t. What is the remainder when 11 is divided by c?
5
Suppose 5*s = -27 + 2, 28 = 3*p - 2*s. What is the remainder when 9 is divided by p?
3
Let q be 15/10 - (-30)/(-4). What is the remainder when (2 - 21/q)*2 is divided by 6?
5
Suppose -3*f - 30 + 99 = 0. Let l = -145 + 234. Calculate the remainder when l is divided by f.
20
Let q = 32 - 5. Let m = -10 + 24. Calculate the remainder when q is divided by m.
13
Let s = 14 - -7. Suppose -u - 31 = -4*f, 5*f - 3*f = -5*u + s. Let w = f + -5. What is the remainder when 8 is divided by w?
2
Let f(h) = h**2 - 2*h - 2. Let j be f(3). Let n(a) = -1. Let w(o) = -6*o + 12. Let t(i) = j*w(i) + 18*n(i). What is the remainder when 34 is divided by t(-4)?
16
Suppose 2*o + 0*o - 38 = 0. Let b = 25 - o. Calculate the remainder when b is divided by 3.
0
Let f be ((-4)/2)/((-4)/20). Suppose -f = 2*k, -k - 87 - 8 = -5*n. Let h = 96 - 62. Calculate the remainder when h is divided by n.
16
Let w = 2 - -3. Suppose 0*m + w*m - 3*f = 75, -3*f = 15. Suppose -s + 2*s - 23 = 0. What is the remainder when s is divided by m?
11
Let r = 23 + 54. Calculate the remainder when r is divided by 13.
12
Let d = -14 - -45. Calculate the remainder when d is divided by 8.
7
Suppose 37 = 4*b - 15. Calculate the remainder when b is divided by 7.
6
Suppose z + 5*g = -15, 4*z - 4*g = 14 + 46. What is the remainder when ((-5)/10)/(-1)*18 is divided by z/3 + 1/(-3)?
0
Suppose y + 3 + 2 = 0, 3*s - 35 = -5*y. Suppose -13*m = -8*m - 55. What is the remainder when s is divided by m?
9
Suppose -5*c + 8*c - 12 = 0. Let g be ((-8)/(-10))/(c/10). Suppose 4*m - 3 = 2*k + 21, -m = g*k - 11. What is the remainder when m is divided by 4?
3
Let m be (4/14)/(2/14). Suppose -m*h + 3*h - 10 = 0. What is the remainder when h is divided by 4?
2
Suppose 3*s - 17 - 7 = 0. Let y = -4 - -7. Suppose -4*k = -y*k - 23. What is the remainder when k is divided by s?
7
Let r(f) = -2*f**3 - 4*f**2 - 2*f - 2. What is the remainder when 64 is divided by r(-3)?
20
Suppose 93 = 3*t - 3*v, 4*t + v = 4*v + 122. Let c = 8 + 2. Calculate the remainder when t is divided by c.
9
Suppose 2*g + 46 = 3*g. Let n = -96 + 112. Calculate the remainder when g is divided by n.
14
Let y(m) = -2*m + 3. Let w be y(-6). Let k = -10 + w. Suppose -3*n + 3*d = -36, 0*d = k*d. What is the remainder when 34 is divided by n?
10
Suppose 0 = -4*y + 3*y - 20. Let d = y - -12. Let h(l) = -l**3 - 9*l**2 - 12*l - 10. What is the remainder when h(d) is divided by 8?
6
Suppose 0 = 2*b - 0*b - 14. What is the remainder when 20 is divided by b?
6
Suppose -2*q + 3*q = -4*t + 35, 0 = -2*t + 10. Calculate the remainder when 72 is divided by q.
12
Let n = -19 + 28. What is the remainder when 25 is divided by n?
7
Suppose -2*r = -9 - 1. Calculate the remainder when 7/(-42)*-74 - 2/(-3) is divided by r.
3
Let p = -15 + 29. Suppose 64 + 206 = 5*r. Suppose 2*o = 4*c + r, -4*o + 3*c = -19 - 89. Calculate the remainder when o is divided by p.
13
Suppose 0*w = -5*w + 20. What is the remainder when 15 is divided by w?
3
Let i(b) = b + 3 + 3 - 2. Let w be 3 + (-3)/((-3)/2). What is the remainder when 17 is divided by i(w)?
8
Let j(i) = i**3 - 11*i**2 - 19*i - 1. What is the remainder when j(13) is divided by 31?
28
Let p = 1 - 3. Let v(s) = s**2 + 6*s + 3. Calculate the remainder when (0 - (p + 4)) + 12 is divided by v(-6).
1
Suppose d = 76 - 29. What is the remainder when d is divided by 17?
13
Let f be 5/(5/3) - -50. Suppose -3*p = -p - 4*n - 74, -f = -2*p - 3*n. What is the remainder when p is divided by 16?
15
Let l = 118 - 115. Let y(k) = -k**2 + 5*k - 4. What is the remainder when l is divided by y(3)?
1
Suppose 6 = 2*z - 0. Let s = z - -4. What is the remainder when 12 is divided by s?
5
Suppose -3*p = 4*o + 12 - 5, -2*p = -2*o. What is the remainder when 12 is divided by (-21)/(p - 2) + -2?
2
Let r(i) = -i**2 - i - 6. Let b be r(0). Calculate the remainder when (-1)/b + (-202)/(-12) is divided by 6.
5
Suppose 0*f + 2*f + 6 = 0. Let g = f + 15. What is the remainder when 33 is divided by g?
9
Suppose -6*o + 185 = -o. Suppose -3*j + 172 - o = 0. Calculate the remainder when j is divided by 12.
9
Suppose 13 = -4*g + 137. Suppose -2*j - 3*q + 25 = 0, -6*q = -2*j - 2*q + 46. Calculate the remainder when g is divided by j.
14
What is the remainder when 69 is divided by (-196)/(-11) - (-10)/55?
15
Suppose 0 = 54*f - 45*f - 99. Calculate the remainder when f is divided by 6.
5
Let n(m) = -m**2 + 20*m - 10. Calculate the remainder when 16 is divided by n(19).
7
Let i(j) = j**2 - j + 33. Calculate the remainder when i(0) is divided by 12.
9
Suppose d + 2*k + 10 = 0, -2*d + 3*k = 2*k. Let b be (d/(-3))/((-2)/(-3)). Suppose j - 2 = b. What is the remainder when 4 is divided by j?
1
Calculate the remainder when (-117)/(-12) + (-2)/(-8) is divided by 3.
1
Suppose 0 = 2*s - 36 - 22. Let q = s + -14. Calculate the remainder when 33/1*(-8)/(-6) is divided by q.
14
Suppose -i + 21 = -4*a, -19 = i + 4*a - 0*a. What is the remainder when i - (3 + -1 - 11) is divided by 15/4 - 12/(-48)?
2
What is the remainder when 39 is divided by (1 - 5)/(8/(-28))?
11
Let k = -34 + 50. What is the remainder when 63 is divided by k?
15
Suppose 2*k + 4 = 0, -6*h + 3*h + 55 = -2*k. What is the remainder when 83 is divided by h?
15
Suppose 0 = 3*i - 5*s - 32, 4*i + 7 = -s + 19. Let u = 9 - i. What is the remainder when 41 is divided by 104/u - 4/(-20)?
20
Suppose -13 = -8*q + 7*q. Calculate the remainder when 37 is divided by q.
11
Let n(b) = 6*b - 4. Suppose -5*o + 31 = -14. What is the remainder when n(5) is divided by o?
8
Let w(o) = 70*o**2 - 8*o + 8. Suppose -3*p - 2*p - 2*r = -86, -4*p = -4*r - 80. Calculate the remainder when w(1) is divided by p.
16
Suppose -6*i + 250 = -i. Calculate the remainder when i is divided by 4*2/16*52.
24
Let b = 4 + -1. Let d = b - 0. Suppose 5*y - 85 = -4*h, -d*y + 120 = 2*y - 3*h. What is the remainder when y is divided by 6?
3
Let r(x) = -42*x. Let p be r(-2). Suppose -p = -5*h - 19. What is the remainder when 37 is divided by h?
11
Suppose -k - 1 = 3*m - 0*k, 4*k = -2*m + 16. Let d(g) = -2*g + 4. Let z be d(3). Calculate the remainder when 12 is divided by 28/z*m/4.
5
Suppose -z - 5*k + 11 = 0, -7*k = -z - 2*k + 11. Let t be 10 + 2*(1 + -2). Suppose 3*l - 2*n = t, n = -2*n + 6. Calculate the remainder when z is divided by l.
3
Let l(v) = -v**2 - 8*v + 8. Let c be l(-9). What is the remainder when 11 is divided by (6*2/(-3))/c?
3
Let v be 38 + -1 + (-2)/2. Suppose 2*q - 3*b = v, -1 + 19 = q - 3*b. Calculate the remainder when 52 is divided by q.
16
Suppose 6*r - 4*r = 2. Let d = -45 - -92. Calculate the remainder when d is divided by (-4 + 19)/r + -3.
11
Suppose 0*w + 5*w - 170 = 0. Suppose -2*i + 4*z + 26 = 0, 4*z = -4*i + 6 + w. What is the remainder when i is divided by 4?
3
Suppose 3*i = -5*h + 128, h + 4*i - 30 + 1 = 0. Suppose -58*x + 73 = -57*x. What is the remainder when x is divided by h?
23
Suppose -4*c + 49 = -251. Suppose 0 = 3*k - 2*w - 0*w - 64, -5*k + c = 3*w. What is the remainder when 69 is divided by k?
15
Calculate the remainder when 2/(-8) + 106/8 is divided by 4.
1
Let h be 12/(-18) - 10/(-6). Let d = 0 - h. What is the remainder when d/3 + (-183)/(-9) is divided by 11?
9
Let j = 203 - 160. What is the remainder when 171 is divided by j?
42
What is the remainder when 77 is divided by 41/2 + (-9)/18?
17
Let u(r) = 7*r - 12. Let p(x) be the first derivative of 2*x**2 - 6*x - 1. Let v(c) = 5*p(c) - 3*u(c). Calculate the remainder when v(4) is divided by 2.
0
Suppose 5*i - 254 = -89. Suppose 2 + 0 = -r, -h - 3*r = -6. What is the remainder when i is divided by h?
9
Suppose -584 = -5*j - 3*j. Calculate the remainder when j is divided by 19.
16
Let y = 10 - 45. Let z = y + 50. What is the remainder when 27 is divided by z?
12
Let o be 35/10 + (-1)/2. Suppose 2*u + 10 = 3*f + 127, -o*f = 2*u - 99. Calculate the remainder when u is divided by 14.
12
Let r(c) = 2*c**2 - 4*c + 1. What is the remainder when 82 is divided by r(4)?
14
Calculate t